uppose 2*s = -3*b + 88355, -5*s + b = -s - 176759. What is the ten thousands digit of s?
4
Let l(c) = -c**3 + 39*c**2 + 379*c - 173. What is the thousands digit of l(37)?
6
Suppose -268*n + 3020371 = 857396 - 846397. What is the hundreds digit of n?
2
Let z(v) = 61*v**3 - 9*v**2 + 377*v - 4124. What is the hundreds digit of z(11)?
1
Let h(t) = 14*t**2 - 6*t + 14. Let l be -2*2/4 + (-160)/40. What is the tens digit of h(l)?
9
Suppose 3*t + 17 = -10. Let g be 192/t*3/(-2). Suppose -4*x + 136 = g. What is the tens digit of x?
2
Suppose -5*d + 50918 - 5901 = 4*v, -18017 = -2*d - 5*v. What is the hundreds digit of d?
0
Suppose -17255 = -5*p + p + 31757. What is the ten thousands digit of p?
1
Let o = -2438 - -4484. What is the tens digit of o?
4
Suppose -3*r + 68618 = -4*u, r = -2*u - 2208 + 25104. What is the units digit of r?
2
Suppose -279 = -5*s - 4*x, 51 = s - 2*x - 2*x. Let n = s + -51. Suppose n*j - 85 = -5*a + 204, 0 = -j + 5*a + 41. What is the units digit of j?
6
Let a(u) = -3*u - 56. Let o be a(-20). Suppose n + 5*c = 5*n - 1640, 0 = o*c. What is the units digit of n?
0
Let s(p) = -240*p - 30. Let d(y) = 80*y + 10. Let x(o) = -14*d(o) - 5*s(o). Let g be x(5). Let b = g - 228. What is the tens digit of b?
8
What is the units digit of (-11)/528*6 + 2 + 5043/24?
2
Suppose -16*i - 129 = -17*i. What is the units digit of (8/6)/(86/i)?
2
Suppose -5*i + 16 = -9*i. Let q be 4 - 8 - 4/i*1. What is the units digit of (-2 + -1)*53/q?
3
Let n be (-10)/(-2 - (-46)/22). Let l be 14508/84 - 35/49. Let m = l + n. What is the tens digit of m?
6
Let n = -83 + 85. Suppose 4360 = -n*w + 12*w. What is the units digit of w?
6
Suppose 5*a = -4*c - 7, 3*c + 3*a + 1 = -2. Let u be (-1 - 3) + -1 + 54/6. Suppose u*k = -3*o + 377, -c*o + 0*k + 243 = k. What is the hundreds digit of o?
1
Suppose 53*u = 60*u - 8505. Let z = u - 500. What is the hundreds digit of z?
7
Let l = 6062 - -32434. What is the tens digit of l?
9
Let p = -232 + 234. Suppose -2*n - p*i + 714 = 0, -3*i - 135 = 5*n - 1914. What is the tens digit of n?
5
Let k(j) be the second derivative of -19*j + 0 - 1/3*j**4 - 2*j**2 + 1/4*j**5 + 1/2*j**3. What is the tens digit of k(4)?
6
Suppose -67278 = -12*z + 27618. What is the tens digit of z?
0
Let t(q) = 3*q**2 - 7. Let d be t(-3). Let g(b) = 6*b - b**3 - 1 - d*b**2 + 25*b**2 - 11. What is the tens digit of g(4)?
2
Let a = -3813 + 9653. What is the hundreds digit of a?
8
Suppose -131*f - 1496912 + 1464988 = -3640057. What is the tens digit of f?
4
Suppose -b + 3229 = -5*k, -3*k - 1550 - 377 = 2*b. Let w = -239 - k. Let t = -268 + w. What is the tens digit of t?
3
Suppose -4*k = 3*m - 10 + 152, 0 = 2*m - 3*k + 106. Suppose -3*g = 5*l + 1, -4*l + 7 = -2*g - 1. What is the tens digit of ((-140)/m)/(l/(6*5))?
8
Let k = 51 - 11. Let x(h) = -h**2 + 13*h + 182. Let v be x(-6). What is the units digit of ((-459)/v)/((-3)/k)?
0
Let x = -76903 + 111932. What is the ten thousands digit of x?
3
Suppose 6106*f - 26628 = 6102*f. What is the thousands digit of f?
6
Let t be (1 + -3)/(-1)*23. Suppose 0 = 2*h + h - 4*l + 50, -3*h = -2*l + t. Let b(j) = -6*j - 59. What is the units digit of b(h)?
5
Suppose 23453 + 25780 = 242*s - 135897. What is the hundreds digit of s?
7
Let w be (1 - 0)*(18 - 0). Let a be -42*2/5*(-9 + 41/4). What is the units digit of -3*a/w*26?
1
Suppose 0 = 175*d - 180*d + f + 103443, 3*d - f - 62067 = 0. What is the tens digit of d?
8
What is the units digit of (1008103/723)/((-1)/(-36))?
6
Let m(y) = 7*y**3 + 4*y**2 - 11*y + 277. What is the thousands digit of m(14)?
0
What is the tens digit of (-135)/55 + 3 + 1823478/66 + -12?
1
Let y = -20 + 24. Suppose -k = -y*f - 268, -4*f + 8 = 24. Let l = k - 112. What is the units digit of l?
0
Suppose 7*r - 10 = 11. Suppose r*b + 0*o = 3*o + 441, 0 = -4*b + o + 597. Suppose -3*g + b = -165. What is the tens digit of g?
0
Suppose 67 = -w - 189. Let l = w - -571. Suppose -3*a = 2*a - l. What is the units digit of a?
3
Let l(x) be the first derivative of -21 - 35*x + 14/3*x**3 - 1/4*x**4 + 3/2*x**2. What is the units digit of l(14)?
7
Suppose -4*s - j - 89 = 0, -2*s - j = -5*j + 58. Let f(u) = -62*u - 76. What is the tens digit of f(s)?
5
Suppose -136488 = 29*w - 117*w. What is the thousands digit of w?
1
Let g = 8151 + -2913. What is the units digit of g?
8
Let n = -44988 - -65428. What is the units digit of n?
0
Let c = -12493 - -24396. What is the hundreds digit of c?
9
Let m = 5 - 10. Let i = -122 + 106. What is the tens digit of i/(-80) + (-1209)/m?
4
Suppose 0 = 84*i + 18*i - 1227215 - 836347. What is the thousands digit of i?
0
Suppose -g - 4*n = -22187 - 13780, 4*n = 3*g - 107933. What is the units digit of g?
5
Let l(m) = m**3 + 19*m**2 + m + 145. Suppose 0 = 26*f + 2*f + 532. What is the tens digit of l(f)?
2
Suppose -3*z + 11*k + 23 = 12*k, 5*z = 4*k + 61. Suppose z*d - 3*d - 492 = 0. What is the units digit of d?
2
Suppose -54*c + 43*c = -209. Suppose -16 = -3*u - c, -5*u + 1071 = 2*o. What is the units digit of o?
8
What is the hundreds digit of -11538*(12 - 38/3)?
6
Suppose -i + 3501 = -26*v + 31*v, -i + 2*v = -3473. What is the tens digit of i?
8
Let q(l) = -l**3 - 3*l**2 + 7 - 6 + 10 - 19*l. Let x be q(-9). What is the tens digit of x/10 + (-11)/(-55)?
6
Suppose -k = 3*k - 4, 4*n + 4*k + 492 = 0. Let x = -64 - n. What is the units digit of x?
0
Let q be ((-3)/(-1) - 4)*0. Suppose q = -182*w + 172*w + 15320. What is the hundreds digit of w?
5
Suppose 2*u + 13657239 = 209*u. What is the tens digit of u?
7
Let s(x) = -181*x + 689. What is the tens digit of s(-39)?
4
Let d(i) = i**3 - 4*i**2 - 12*i + 4. Let v = 46 + -40. Let m be d(v). Suppose -m*k = -p - 648, 0*k - 141 = -k - 5*p. What is the hundreds digit of k?
1
Let a(y) = -16*y + 23. Let h be a(-3). Let o(d) = -5*d + 17. Let c be o(-10). Suppose c*k = h*k - 388. What is the units digit of k?
7
Suppose 10 = i - 53. Let o = i + 291. What is the hundreds digit of o?
3
Suppose 1585 = -14*c - 1425. Let d = c - -441. Suppose 3*u = -z + 893, -5*z = -u + d + 77. What is the hundreds digit of u?
2
Let t = -15 + 21. Let x(q) = -t*q - 7*q**2 - 6 + 9*q + q**3 + 14*q. What is the tens digit of x(5)?
2
Suppose 0 = -4*a + 5*v + 10534, 0*a = -4*a - 2*v + 10548. Suppose 5*g - 3*g = -j + 674, a = 4*j - 4*g. What is the hundreds digit of j?
6
Let i(z) = 39*z + 58. Let m be i(9). Suppose -3*b + 2*r = -m, 2*b + 8*r - 278 = 12*r. What is the tens digit of b?
3
Let z = 27 + -27. Suppose z = -4*y + 1775 + 849. Let x = 918 - y. What is the hundreds digit of x?
2
Suppose -4*j + 13*i = 15*i - 9084, -4*i = 5*j - 11352. What is the thousands digit of j?
2
Suppose 46*z + 5*t + 10620 = 47*z, 0 = -2*z + 2*t + 21280. What is the hundreds digit of z?
6
Let y(b) = b**2 - 3*b - 11. Let n be y(6). Suppose 4 + 3 = n*p. Let r = 5 + p. What is the units digit of r?
6
Let c(t) = 2*t**2 + 56*t + 8. Let n be (-16 + 30)*(0 + -2). What is the units digit of c(n)?
8
What is the tens digit of (-94)/(-705) - (-45388)/15?
2
Let m = -6069 - -16329. What is the thousands digit of m?
0
Let u be 10/((-80)/(-72)) + -8. What is the thousands digit of u + -5 + 3/(-1) + 1692?
1
Let r be (1 - -2)*(203/21 + -8). Let x(l) = 4*l**3 + 13*l**2 - 18*l + 32. What is the hundreds digit of x(r)?
7
Let s = 14 + -12. Let z be (0 - (-13 - -4))*s/6. Suppose 3*j - 5*r = -2*r + 216, -z*j + 5*r + 210 = 0. What is the units digit of j?
5
Let m = -3821 + 20907. What is the units digit of m?
6
Suppose -227*d + 928385 + 686215 = -43*d. What is the hundreds digit of d?
7
Suppose 5*x - y + 57 = 0, -4*x = -3*x - 2*y + 6. Let n be -31*4/(-30) - x/(-90). Suppose -n*a = -5*a + 147. What is the units digit of a?
7
Suppose 0 = -5*h + 3 + 142. Suppose -h + 20 = -w. Suppose 3*q + 3*z = -w + 105, -2*z - 6 = 0. What is the tens digit of q?
3
Let f = 89213 - 39762. What is the thousands digit of f?
9
Let y(n) = 6*n**3 - 3*n + 3 + 0*n**3 + 7*n**2 - 7*n**3. Let h be y(4). Let a = h + 20. What is the units digit of a?
9
Suppose -3*a - 34385 = -4*c, c + 0*a = -4*a + 8620. What is the units digit of c?
0
Let i = 54 + -43. Suppose -4*z + j - 54 - i = 0, 3*z - 3*j = -60. What is the units digit of ((-10)/z)/((-1)/(-10))*9?
0
Suppose -1456 = 10*l + 894. Let z = l - -407. Suppose -1096 = -7*r - z. What is the hundreds digit of r?
1
Let